late the highest common factor of m and 120.
24
Let b be (2340/(-135))/(4/(-18)). What is the greatest common divisor of b and 13?
13
Let w(i) = -40*i + 104. Let b be w(0). What is the greatest common factor of b and 169?
13
Suppose -81 - 147 = -2*p + 3*m, 3*m = 4*p - 450. Calculate the greatest common factor of 37 and p.
37
Let r(l) = 4*l**2 + 26*l - 25. Let x be r(-8). Calculate the highest common factor of 4 and x.
1
Let c(x) = x**2 - 10*x + 18. Let t be c(9). Let h be (-40)/45*t/(-2). What is the greatest common divisor of h and 14?
2
Let i(w) = -3*w**3 + 10*w**2 + 14*w + 23. Let l be i(-3). What is the greatest common divisor of 8 and l?
8
Suppose 497 - 1667 = -5*i. What is the highest common factor of i and 18?
18
Let w = 915 - 864. What is the highest common divisor of 187 and w?
17
Let h = 6 + -26. Let f be (h/(-6) - (-3)/(-9)) + 27. Calculate the highest common factor of f and 15.
15
Let h(t) = t + 31. Let g be h(49). Calculate the greatest common divisor of g and 304.
16
Let m = -902 - -937. Suppose 2*c + 3*d - 23 - 13 = 0, -3*c = -d - 43. What is the highest common factor of c and m?
5
Let x be ((-528)/20)/((-3)/10). Suppose 2*v + 2*o - 24 = 0, -2*v = -0*v + 4*o - 16. Suppose -v = -c - c. Calculate the greatest common divisor of c and x.
8
Let i = 103 + -20. Calculate the greatest common factor of 913 and i.
83
Let q be 3/24 - -54*(-5)/(-16). What is the highest common factor of 697 and q?
17
Suppose -5*y + 3*k + 111 = 0, k + 2*k = -2*y + 57. Suppose -y = -3*v - 3*v. Suppose v*r = 9*r - 390. What is the greatest common divisor of 52 and r?
26
Suppose -5*i + 5 = -4*i. Suppose -4*q = 3*r - 1276, -i*r - 5*q + 2140 = -q. Calculate the greatest common factor of r and 16.
16
Suppose -5*o - 2*r - 621 = 282, 3*r - 908 = 5*o. Let s = 280 + o. Calculate the greatest common factor of s and 9.
9
Let r(t) = 25*t**3 - 3*t**2 + 2. Let k be r(-2). Let x be (-6)/4 + k/(-12). Let n be 8 - -1 - 2/2. Calculate the greatest common factor of n and x.
8
Let w(j) = 2*j**2 + j - 6. Let i be w(-3). Suppose -y + 29 = i. What is the greatest common factor of y and 30?
10
Let a(k) = k**2 - 3*k - 7. Let p be a(3). Let d be (p + 2)*3/(-15). What is the highest common factor of 11 and d?
1
Let h(c) = 3*c + 111. Let p be h(47). What is the greatest common divisor of p and 54?
18
Suppose -4 = -6*y + 14. Suppose -i + 537 = -3*k, -557 = y*i - 4*i - k. Let n be 2/7 - i/(-28). What is the highest common factor of n and 30?
10
Suppose 4*u - 216 = 40. Suppose 2*l - u = -0*l + 2*o, 0 = 3*o + 15. What is the greatest common divisor of l and 27?
27
Suppose 5*h + 137 - 2605 = -c, 1963 = 4*h - 3*c. What is the greatest common divisor of 17 and h?
17
Suppose -33*q = -2444 - 658. Calculate the greatest common divisor of q and 470.
94
Suppose 0 = -3*i - h + 575, 383 = 2*i - 0*h + h. What is the highest common factor of 12 and i?
12
Let d be 3 - (3/(-2) + 1671/(-2)). Calculate the greatest common divisor of d and 20.
20
Let h = -12 - -13. Let c(r) = -72 + 37 + 105*r**2 + 34. Let y be c(h). Calculate the greatest common factor of y and 13.
13
Let i(q) = 6*q**2 - 24*q + 7. Let b be i(4). Calculate the highest common divisor of 4 and b.
1
Let h(c) = 4*c - 3. Let s be h(2). Let n(k) = 1 - 3 + 0 - 4 + k. Let m be n(7). Calculate the highest common divisor of m and s.
1
Let w = 3 - -114. Calculate the highest common factor of 36 and w.
9
Let x = -734 + 844. What is the greatest common divisor of x and 165?
55
Let z be 4/(-22) + 114/22. Suppose z*s = 8*s - 45. Calculate the greatest common divisor of s and 165.
15
Let j(u) = u**3 + 8*u**2 - 13*u - 16. Let p be j(-9). Suppose -3*n - 2*f = -p, 0 = -3*n + 9*f - 4*f + 13. What is the highest common divisor of 24 and n?
6
Let c(i) = -10*i**3 + 21*i**3 - 10*i**3 + 5*i**2 - i. Let l be c(-5). Suppose 1121 = l*w + 406. Calculate the highest common divisor of 13 and w.
13
Let k = -118 - -190. Suppose y - 13 = s, 3*y - s + 0 = 49. Calculate the greatest common factor of y and k.
18
Suppose -3*t + 5 = -4*t. Let u(h) = h**3 + 7*h**2 - h - 16. Let l be u(t). Calculate the highest common factor of 13 and l.
13
Suppose -c + 1429 = -w, 4*w - 8*w + 8 = 0. Calculate the highest common factor of 53 and c.
53
Suppose -2*u + 0*u = -140. Let i be (-6 + 9 + 6/(-2))/(-1). Suppose i = -5*t + 5, 2*b - 5*t - 1 - 22 = 0. What is the greatest common factor of b and u?
14
Let b be (-14)/(-4) - (-4)/(-8). Suppose b*h + 460 = 7*h. Let c(x) = 2*x + 58. Let y be c(-6). What is the highest common factor of h and y?
23
Let i(j) = 14*j**3 + 2*j**2 - j + 2. Let v be i(3). Calculate the greatest common factor of v and 79.
79
Let d be ((-450)/(-54))/(1/3). Suppose 20*l - d*l = -95. Suppose i + 62 = u, 0 = 5*u + i - 281 + 1. What is the highest common divisor of u and l?
19
Suppose -290*u - 1632 = -294*u. Calculate the greatest common factor of u and 8.
8
Let v(n) be the second derivative of -n**3/2 - 13*n**2/2 + 2*n. Let l be v(-6). Suppose l*u - 65 = 160. What is the greatest common factor of 5 and u?
5
Suppose -11 = 7*t - 669. Suppose t = 4*k - 1226. Calculate the highest common divisor of k and 30.
30
Let w be (17 + -34)/((-4)/3 + 1). Let p = 73 - w. What is the greatest common divisor of 154 and p?
22
Let o be (((-10)/(-4))/1)/(43/688). Let s(q) = 6*q + 46. Let m be s(9). What is the greatest common divisor of o and m?
20
Suppose -w + 2340 = -2*z, 7020 = 3*w - 0*w + 4*z. Calculate the highest common factor of w and 18.
18
Suppose r - 1 + 5 = 0. Let l be 60/(-9) - r/6. Let c(o) = -o**2 - 8*o - 9. Let t be c(l). Calculate the greatest common factor of t and 27.
3
Let k be ((-15)/(-10))/((-2)/128). Let x = k - -160. What is the highest common divisor of 8 and x?
8
Let v be (11/(-3) - 0)/((-4)/852). What is the greatest common factor of v and 33?
11
Suppose -2*d + 5*d = 5*c + 230, -d + 88 = 4*c. What is the greatest common divisor of 460 and d?
20
Let i(c) = 2*c**3 - 3*c**2 - 7*c - 1. Let x be i(4). Let r = 56 - x. What is the greatest common divisor of r and 1?
1
Let b(m) be the third derivative of m**6/120 - m**5/6 + 13*m**4/24 - 11*m**3/3 + m**2. Let k be b(9). What is the highest common divisor of k and 70?
14
Let w = -92 - -176. What is the highest common factor of 12 and w?
12
Suppose 88 + 53 = 47*h. What is the greatest common divisor of 4 and h?
1
Let v = -234 - -255. What is the greatest common factor of 15 and v?
3
Let j = 31 - 7. Let b be ((-16)/(-2))/(6/j). Suppose -m = m - b. What is the greatest common divisor of 80 and m?
16
Let j(a) = 9*a**2 - 2*a + 1. Suppose -3*d = -2 - 13. Suppose 0 = -6*u + u + d. Let z be j(u). Calculate the highest common factor of z and 32.
8
Let p be 24/28*(-4 - (-33)/3). Calculate the greatest common divisor of p and 105.
3
Suppose -4*x = -2*x - 40. Suppose 0*o + 420 = 4*c - 5*o, 284 = 3*c + 4*o. Calculate the highest common factor of c and x.
20
Suppose 4*a + 4*y + 6 = -10, 4*a - 3*y + 51 = 0. Let u be (a/(-4))/(15/2360). Suppose -5*f = -u - 21. What is the highest common divisor of 30 and f?
15
Let b = 1989 + -1946. What is the highest common divisor of 2021 and b?
43
Suppose 31 + 7 = 2*l. Suppose 10 = -0*u + 2*u. Suppose 0 = g + 4*x + 8, 2*x = -5*g - u + l. Calculate the highest common factor of 20 and g.
4
Let g = 155 + 54. Suppose -131 = -4*i - 5*c + g, 4*c + 16 = 0. Calculate the highest common divisor of 10 and i.
10
Let t = 334 + -477. Let i = -73 - t. What is the greatest common divisor of i and 14?
14
Let h = 169 - 152. Calculate the greatest common factor of 119 and h.
17
Let f(c) = c**3 - 6*c**2 - 34*c - 11. Let u be f(11). Let j = 104 - 16. What is the greatest common factor of j and u?
44
Suppose -14 = -5*i + 2*n, 3*i = i - 3*n - 2. Suppose -28*f + 383 = -9*f + 117. What is the greatest common factor of i and f?
2
Suppose -5*c = -12*c + 28. Suppose 22 = 5*s + 2*m, 2*s - 2*m + 4*m = c. Calculate the highest common factor of s and 48.
6
Let g = -25 - -35. Suppose 5*j - g = 2*n, -5*j + 4*n - 11 = -31. Suppose -4*h + 880 = -j*h. What is the greatest common divisor of h and 20?
20
Let u be -1 - (3 + (5 - -3)). Let f be ((-1)/(-3))/((-2)/u). Suppose -4*y = -f*z - 44, -2*z = y - 0 - 11. What is the greatest common factor of y and 77?
11
Suppose 3*x = -416 + 701. Calculate the highest common factor of 171 and x.
19
Suppose 0